{"id":1194,"date":"2024-12-15T19:50:28","date_gmt":"2024-12-15T18:50:28","guid":{"rendered":"https:\/\/www.m19.pl\/project\/apartament-secesyjny-w-kamienicy-wiedenskiej-w-poznaniu-copy\/"},"modified":"2025-01-31T11:26:25","modified_gmt":"2025-01-31T10:26:25","slug":"wnetrza-kolna-sopot","status":"publish","type":"project","link":"https:\/\/www.m19.pl\/en\/project\/wnetrza-kolna-sopot\/","title":{"rendered":"Wn\u0119trza cz\u0119\u015bci wsp\u00f3lnych inwestycji Kolna Sopot"},"content":{"rendered":"<p>[et_pb_section fb_built=&#8221;1&#8243; fullwidth=&#8221;on&#8221; _builder_version=&#8221;4.18.0&#8243; _module_preset=&#8221;default&#8221; global_colors_info=&#8221;{}&#8221;][et_pb_fullwidth_image src=&#8221;https:\/\/www.m19.pl\/wp-content\/uploads\/2024\/12\/05_Kolna_lobby-m-min.jpg&#8221; title_text=&#8221;05_Kolna_lobby-m-min&#8221; _builder_version=&#8221;4.27.3&#8243; _dynamic_attributes=&#8221;title_text&#8221; _module_preset=&#8221;default&#8221; global_colors_info=&#8221;{}&#8221;][\/et_pb_fullwidth_image][\/et_pb_section][et_pb_section fb_built=&#8221;1&#8243; custom_padding_last_edited=&#8221;on|phone&#8221; _builder_version=&#8221;4.27.3&#8243; _module_preset=&#8221;default&#8221; background_color=&#8221;#FFFFFF&#8221; custom_padding=&#8221;2%||2%||false|false&#8221; custom_padding_tablet=&#8221;3%||6%||false|false&#8221; custom_padding_phone=&#8221;4%||0%||false|false&#8221; global_module=&#8221;159&#8243; saved_tabs=&#8221;all&#8221; global_colors_info=&#8221;{}&#8221;][et_pb_row _builder_version=&#8221;4.27.3&#8243; _module_preset=&#8221;default&#8221; global_colors_info=&#8221;{}&#8221;][et_pb_column type=&#8221;4_4&#8243; _builder_version=&#8221;4.27.3&#8243; _module_preset=&#8221;default&#8221; global_colors_info=&#8221;{}&#8221;][et_pb_text _builder_version=&#8221;4.27.3&#8243; _dynamic_attributes=&#8221;content&#8221; _module_preset=&#8221;default&#8221; text_font=&#8221;||||||||&#8221; text_font_size=&#8221;16px&#8221; global_colors_info=&#8221;{}&#8221;]@ET-DC@eyJkeW5hbWljIjp0cnVlLCJjb250ZW50IjoiY3VzdG9tX21ldGFfbmF6d2FfcHJvamVrdHUiLCJzZXR0aW5ncyI6eyJiZWZvcmUiOiIiLCJhZnRlciI6IiIsImVuYWJsZV9odG1sIjoib24ifX0=@[\/et_pb_text][\/et_pb_column][\/et_pb_row][et_pb_row _builder_version=&#8221;4.27.3&#8243; _module_preset=&#8221;default&#8221; global_colors_info=&#8221;{}&#8221;][et_pb_column type=&#8221;4_4&#8243; _builder_version=&#8221;4.27.3&#8243; _module_preset=&#8221;default&#8221; global_colors_info=&#8221;{}&#8221;][et_pb_text _builder_version=&#8221;4.27.3&#8243; _dynamic_attributes=&#8221;content&#8221; _module_preset=&#8221;default&#8221; text_font_size_tablet=&#8221;14px&#8221; global_colors_info=&#8221;{}&#8221;]@ET-DC@eyJkeW5hbWljIjp0cnVlLCJjb250ZW50IjoiY3VzdG9tX21ldGFfb3Bpc19wcm9qZWt0dSIsInNldHRpbmdzIjp7ImJlZm9yZSI6IiIsImFmdGVyIjoiIiwiZW5hYmxlX2h0bWwiOiJvbiJ9fQ==@[\/et_pb_text][\/et_pb_column][\/et_pb_row][\/et_pb_section][et_pb_section fb_built=&#8221;1&#8243; _builder_version=&#8221;4.18.0&#8243; _module_preset=&#8221;default&#8221; custom_margin=&#8221;0px||0px||true|false&#8221; custom_padding=&#8221;0px||0px||true|false&#8221; global_colors_info=&#8221;{}&#8221;][et_pb_row use_custom_gutter=&#8221;on&#8221; gutter_width=&#8221;2&#8243; make_equal=&#8221;on&#8221; _builder_version=&#8221;4.18.0&#8243; _module_preset=&#8221;default&#8221; custom_margin=&#8221;0px||0px||true|false&#8221; custom_padding=&#8221;20px||20px||true|false&#8221; global_colors_info=&#8221;{}&#8221;][et_pb_column type=&#8221;4_4&#8243; _builder_version=&#8221;4.18.0&#8243; _module_preset=&#8221;default&#8221; global_colors_info=&#8221;{}&#8221;][et_pb_image src=&#8221;https:\/\/www.m19.pl\/wp-content\/uploads\/2024\/12\/06_Kolna-kopia-m-min-scaled.jpg&#8221; title_text=&#8221;06_Kolna kopia &#8211; m-min&#8221; _builder_version=&#8221;4.27.3&#8243; _dynamic_attributes=&#8221;title_text&#8221; _module_preset=&#8221;default&#8221; global_colors_info=&#8221;{}&#8221;][\/et_pb_image][\/et_pb_column][\/et_pb_row][et_pb_row use_custom_gutter=&#8221;on&#8221; gutter_width=&#8221;2&#8243; make_equal=&#8221;on&#8221; _builder_version=&#8221;4.18.0&#8243; _module_preset=&#8221;default&#8221; custom_margin=&#8221;0px||0px||true|false&#8221; custom_padding=&#8221;20px||20px||true|false&#8221; global_colors_info=&#8221;{}&#8221;][et_pb_column type=&#8221;4_4&#8243; _builder_version=&#8221;4.18.0&#8243; _module_preset=&#8221;default&#8221; global_colors_info=&#8221;{}&#8221;][et_pb_image src=&#8221;https:\/\/www.m19.pl\/wp-content\/uploads\/2024\/12\/07_Kolna_fitness-m-min.jpg&#8221; title_text=&#8221;07_Kolna_fitness m-min&#8221; _builder_version=&#8221;4.27.3&#8243; _dynamic_attributes=&#8221;title_text&#8221; _module_preset=&#8221;default&#8221; global_colors_info=&#8221;{}&#8221;][\/et_pb_image][\/et_pb_column][\/et_pb_row][\/et_pb_section]<\/p>","protected":false},"excerpt":{"rendered":"","protected":false},"author":2,"featured_media":1103,"comment_status":"closed","ping_status":"closed","template":"","meta":{"_acf_changed":false,"_et_pb_use_builder":"on","_et_pb_old_content":"","_et_gb_content_width":"","footnotes":""},"project_category":[5],"project_tag":[38,39,40,50,52,36,49,42,35,48,57,53,47,56,62,54,43,41,51,46,34,59,45,61,37,55,58,60,44],"class_list":["post-1194","project","type-project","status-publish","has-post-thumbnail","hentry","project_category-wnetrza","project_tag-architektura-wnetrz","project_tag-biuro-architektoniczne","project_tag-design-i-funkcjonalnosc","project_tag-design-pomieszczenia-fitness","project_tag-design-swiatla-i-cienia","project_tag-drewniane-akcenty-w-recepcji","project_tag-elegancki-wystroj-korytarza","project_tag-eleganckie-biuro","project_tag-eleganckie-przestrzenie","project_tag-eleganckie-wnetrze-silowni","project_tag-funkcjonalna-przestrzen-do-cwiczen","project_tag-kontrast-jasny-i-ciemny","project_tag-korytarz-z-drewnem","project_tag-luksusowe-przestrzenie-wspolne","project_tag-minimalistyczne-projekty-wnetrz","project_tag-minimalistyczne-przestrzenie","project_tag-minimalistyczny-design-recepcji","project_tag-nowoczesna-recepcja","project_tag-nowoczesna-silownia","project_tag-nowoczesne-oswietlenie-wnetrza","project_tag-nowoczesne-wnetrza","project_tag-nowoczesne-wnetrza-biurowe","project_tag-nowoczesny-korytarz","project_tag-polaczenie-drewna-i-swiatla","project_tag-projektowanie-wnetrz","project_tag-silownia-z-naturalnym-oswietleniem","project_tag-wnetrza-w-naturalnym-stylu","project_tag-wnetrze-z-lustrami-i-drewnem","project_tag-wnetrze-z-naturalnymi-materialami"],"acf":[],"_links":{"self":[{"href":"https:\/\/www.m19.pl\/en\/wp-json\/wp\/v2\/project\/1194","targetHints":{"allow":["GET"]}}],"collection":[{"href":"https:\/\/www.m19.pl\/en\/wp-json\/wp\/v2\/project"}],"about":[{"href":"https:\/\/www.m19.pl\/en\/wp-json\/wp\/v2\/types\/project"}],"author":[{"embeddable":true,"href":"https:\/\/www.m19.pl\/en\/wp-json\/wp\/v2\/users\/2"}],"replies":[{"embeddable":true,"href":"https:\/\/www.m19.pl\/en\/wp-json\/wp\/v2\/comments?post=1194"}],"version-history":[{"count":18,"href":"https:\/\/www.m19.pl\/en\/wp-json\/wp\/v2\/project\/1194\/revisions"}],"predecessor-version":[{"id":1474,"href":"https:\/\/www.m19.pl\/en\/wp-json\/wp\/v2\/project\/1194\/revisions\/1474"}],"wp:featuredmedia":[{"embeddable":true,"href":"https:\/\/www.m19.pl\/en\/wp-json\/wp\/v2\/media\/1103"}],"wp:attachment":[{"href":"https:\/\/www.m19.pl\/en\/wp-json\/wp\/v2\/media?parent=1194"}],"wp:term":[{"taxonomy":"project_category","embeddable":true,"href":"https:\/\/www.m19.pl\/en\/wp-json\/wp\/v2\/project_category?post=1194"},{"taxonomy":"project_tag","embeddable":true,"href":"https:\/\/www.m19.pl\/en\/wp-json\/wp\/v2\/project_tag?post=1194"}],"curies":[{"name":"wp","href":"https:\/\/api.w.org\/{rel}","templated":true}]}}

Wnętrza części wspólnych inwestycji Kolna Sopot
